)/(2/4). Let t = v - q. What is the units digit of t?
9
Suppose -2*h - 292 = -4*h. What is the units digit of h?
6
Let s = 35 + -51. Let m = 23 + s. Suppose -57 = 4*n - m*n. What is the units digit of n?
9
Suppose 5*d = 3*v + 3746, -12*v - 2250 = -3*d - 9*v. What is the units digit of (21/2)/(d/368 + -2)?
2
Let v(o) = o**3 - 20*o**2 - 43*o + 45. What is the hundreds digit of v(23)?
6
Let w(z) = z**3 + 6*z**2 + z - 22. Let u be w(-5). Let d(q) = -32*q**3 + 2*q**2 - 2*q - 1. What is the units digit of d(u)?
7
Suppose 5*d + 259 + 426 = 0. Let f be (-2)/((-4)/d)*-2. Suppose -3*p = -3*q + 126, -f - 5 = -3*q - 5*p. What is the units digit of q?
4
What is the thousands digit of 3/(-2)*(0 + 16114/(-21))?
1
Suppose -96*b = -106*b + 14480. What is the thousands digit of b?
1
Let x(f) = -9*f + 1. Let t(j) be the second derivative of j**5/20 - j. Let i be t(-1). What is the units digit of x(i)?
0
Let o = 48 - 225. Let y = o + 364. What is the tens digit of y?
8
Suppose -5*c = -2*p + 479, p - 93 = -2*c + 133. What is the tens digit of p?
3
Let g(j) = 7*j**3 + 2*j**2 + j - 6. Let f be g(2). Let t(p) = -14*p + 1. Let q be t(2). Let n = f + q. What is the tens digit of n?
3
Let s = 361 + 47. What is the hundreds digit of s?
4
Let j(m) be the first derivative of m**4/4 - 2*m**3 - 2*m**2 + 4*m + 226. Let v be (-42)/3*(-2)/4. What is the tens digit of j(v)?
2
What is the units digit of (-1)/6 - (-11 + (-26894)/84)?
1
Let m(n) = -2*n**3 - 5*n - 4. Let w be m(-3). Suppose w = k - 7. What is the units digit of k?
2
Let f(g) = 21*g**2 + 46*g + 23. What is the hundreds digit of f(-5)?
3
Suppose -20 = -2*h + 5*j, -2 = 2*h - j - 6. Suppose -y + c + 49 = -h*y, -c - 97 = -2*y. What is the units digit of y?
8
What is the units digit of ((-6)/8)/(37/(-35816))?
6
Let s(a) = 117*a - 20. What is the units digit of s(6)?
2
Let c = -153 - -153. Suppose c = -18*i + 2*i + 2080. What is the hundreds digit of i?
1
Let u(z) = -7*z + 7. Let x = -32 + 29. What is the tens digit of u(x)?
2
Let b(v) = -79*v + 125. What is the hundreds digit of b(-5)?
5
Let l(q) = -13*q - 10. Let x be (1 - -1)/(2/5). Let s be l(x). Let i = -52 - s. What is the tens digit of i?
2
Let n = -431 - -93. What is the tens digit of (1 - n/10)*(-390)/(-52)?
6
Suppose -j - 7 = 11. Let i = 30 + j. What is the units digit of (86/6)/(4/i)?
3
Let o(t) = 2*t**2 + 10*t - 10. Let g(r) = 3*r**2 + 20*r - 20. Let v(j) = -4*g(j) + 7*o(j). What is the units digit of v(8)?
8
Let x = -163 - -128. Let o = 133 - x. What is the hundreds digit of o?
1
Let w be 3/1 - -249 - 0. Suppose -3*r - 2*b = -w, 5*r - 3*b - 181 = 3*r. What is the tens digit of r?
8
Suppose 4*g - 75 = 7*g. Let o = 30 + g. Suppose 301 = o*w - 39. What is the tens digit of w?
6
Let n(g) be the second derivative of 11/3*g**3 + 0 - 4*g - g**2. What is the units digit of n(1)?
0
Let y(n) = -4*n**3 + 4*n - 2*n**3 + 5*n**3 - 5*n**2 - 6 + 4*n**2. Let k be y(4). Let m = -16 - k. What is the tens digit of m?
5
Suppose r + 4*r = -5*a - 230, -5*r = -a - 70. Let z = -8 - a. What is the units digit of z?
2
Let u(y) = -y**2 + 10*y - 3. Let x be u(6). Let q = -19 + x. Suppose 4*v - 10 = -q. What is the units digit of v?
2
Let s = 93 - 89. Suppose -c + 264 = -2*f + 41, 0 = -3*c + s*f + 667. What is the hundreds digit of c?
2
Let a(q) = 3*q + 21. Let f be a(-6). Suppose -f*m = -x - 125, -2*m + 2*x = -5*m + 119. What is the tens digit of m?
4
Let m(a) = -2*a - 6. Let b be m(-3). Suppose -2*x = -b*x - 4. What is the units digit of x?
2
Suppose -18*a + 19*a - 1378 = -3*j, -4*j + 20 = 0. What is the units digit of a?
3
Let x be 2/3*414/(-12). Let w be (x - -2)*(4 - 5). Suppose 8*v = 7*v + w. What is the units digit of v?
1
Let b = 1356 - -2431. What is the thousands digit of b?
3
Let q be ((-2)/(-1) + -2)/1. Suppose q = -5*z - 5*i + 20, -2*z + 4*i = -3*z - 2. Suppose 72 = -2*p + z*p. What is the units digit of p?
8
Suppose 21*k - 30*k + 3375 = 0. What is the hundreds digit of k?
3
Let t(m) = m**2 + 5*m + 4. Let a be t(-5). Let r be (3 + 1 + 88)/1. Suppose -a*j = 3*n - r, 0 = 2*n + 2*j - 11 - 49. What is the tens digit of n?
2
Suppose 12*j + 14*j - 70928 = 0. What is the hundreds digit of j?
7
Let a be (0 - (-2)/(-3))*-51. Let d(x) = -17*x - 117. Let g be d(-7). Suppose u - 4*u = g*t - a, 3*t - 37 = -u. What is the units digit of t?
1
Let o = -23 - -96. Let m = o - -107. What is the units digit of m?
0
Let l = 34 - 32. Suppose -5*p + 632 = 2*t, 2*t - 117 = -l*p + 131. What is the tens digit of p?
2
Let i(s) = -6*s**2 - 5*s. Let w(l) = l**2 + l. Let v(u) = i(u) + 5*w(u). Let q be v(0). Suppose q*h - 2 = -2*h. What is the units digit of h?
1
Let q(g) = -g**3 + 6*g**2 + 6*g + 9. Let u be 1 - 9*6/(-9). Let h be q(u). What is the units digit of h/(4 - 5)*-1?
2
Let s(a) = 4297*a**2 - 78*a + 77. What is the thousands digit of s(1)?
4
Let v(w) = 222*w**2 + 7*w - 14. What is the units digit of v(2)?
8
Let v be 4/22 + 1879/11. Suppose 5*d + 4*r - 220 = -20, -r = 4*d - v. What is the tens digit of d?
4
Let b(a) = -a**3 - 6*a**2 - 3*a + 3. Let x be b(-5). Let h be (-27)/((-1 - -5)/(-4)). Let f = h - x. What is the units digit of f?
4
Suppose j + 11310 = 16*j. What is the hundreds digit of j?
7
What is the units digit of (6/9)/(2/4311)?
7
Suppose -14 - 2 = -4*z. Suppose -138 - 70 = -z*l. What is the units digit of l?
2
Let w = -42 - -60. Let c = w - 13. Suppose -280 = -5*s - 3*l, -c*s - l + 255 = -3*l. What is the units digit of s?
3
Suppose -5*a - 32646 = -4*l, 2*a - 3*l - 13040 = 4*a. What is the hundreds digit of a/(-65) - (4/(-5))/(-2)?
1
Let z(j) = -527*j**3 + 3*j**2 + 3*j + 1. What is the units digit of z(-1)?
8
Let s = 778 - -152. Suppose s = 4*y - 2*n, 4*n = -3*y + 892 - 189. What is the units digit of y?
3
Suppose -4*k - 376 = -56. Let h = 257 + k. What is the units digit of h?
7
Let r = 1797 - 829. What is the units digit of r?
8
Let g = -211 + 279. What is the tens digit of g?
6
Suppose 2*d + 4 = -4*i, 2*d + 5*i + 11 - 4 = 0. What is the units digit of d?
4
Suppose 4*j - 4*m + 384 - 1704 = 0, -2*m + 1338 = 4*j. What is the hundreds digit of j?
3
Let s(g) = -104*g + 19. Let f be s(5). What is the units digit of 3/(-4) - (f/12 + 6)?
5
Let u = 234 + 328. What is the tens digit of u?
6
Let q = -2107 - -3009. What is the units digit of q?
2
What is the units digit of -2 + 2 + (-23 - -30)?
7
Let v(a) = a + 3. Let x be v(5). Let f = x + -22. What is the units digit of (-4)/14 + (-200)/f?
4
Suppose 0 = 3*w - 0*w + 15. Let n(t) = t + 1. Let x(a) = 10*a + 3. Let c(l) = w*n(l) + x(l). What is the tens digit of c(4)?
1
Suppose -4*x + 30 = b + b, -3*x + b + 30 = 0. Let f = 136 + -136. Suppose f*i = i - x. What is the units digit of i?
9
Suppose 0 = 2*v + 125 + 27. Let z = -15 + -38. Let w = z - v. What is the units digit of w?
3
Suppose 3*g + 3 - 18 = 0, -4*g = -h + 621. What is the tens digit of h?
4
Suppose 14 = -5*w - 51. Let u = w - -28. What is the tens digit of u?
1
Suppose -4*q + 102 = -2*q + 2*m, 4*m = 4*q - 228. What is the units digit of q?
4
What is the hundreds digit of (-14488)/(-8) - ((7 - 0) + -4)?
8
Suppose x - 5*x = -8. Suppose x*k + 5*t - 162 = 0, 5*k - t = t + 376. Suppose -k = -7*m + 3*m. What is the units digit of m?
9
What is the thousands digit of 625625/195 - (-8)/(-6)?
3
Suppose -8146 = -8*b + 5990. What is the units digit of b?
7
Suppose 0 = 2*a + 2*a + 2000. Let d be ((-6)/(-4))/((-30)/a). Suppose 4*c + d = 169. What is the units digit of c?
6
Let k = -2382 + 4531. What is the tens digit of k?
4
Let z be -6*(-4)/(-8)*-3. Suppose -5*b - 5*j + 30 = 0, z*b - 4*b = 4*j + 12. Suppose 0 = 2*w - 2*i - 2*i - 12, 0 = -2*w - b*i + 44. What is the tens digit of w?
1
Suppose -3*l + 288 = l. Let b be 7 - (0 - (-3)/1). What is the units digit of (b/8)/(2/l)?
8
Let z(m) = m**3 + 2*m**2 - 4*m + 1. Let p(o) = -2*o**2 - 16*o + 2. Let s be p(-8). Suppose s*u - b + 2 = b, 0 = -u + 4*b + 5. What is the units digit of z(u)?
4
Let f = -22 - -11. Let l = f - -7. Let a(h) = 2*h**2 - h. What is the tens digit of a(l)?
3
Let j(x) = 9*x**2 + 4. Suppose t = 7 - 10. What is the tens digit of j(t)?
8
Let u(w) = -26*w + 70. What is the units digit of u(-14)?
4
Let w = 660 + -39. Suppose 42 = -3*b + w. What is the units digit of b?
3
Let t = -189 - -2999. What is the units digit of t?
0
Let t = 334 